hen x(-2) is divided by d.
22
Let b(m) = -87*m - 1012. Calculate the remainder when b(-18) is divided by 70.
64
Let r be (2 - (-14)/4)*2. Let l(f) = f**2 - 18*f + 108. Calculate the remainder when 58 is divided by l(r).
27
Let z(w) = 144 - 11*w + 10*w**2 - 135 + 24*w. Calculate the remainder when z(-4) is divided by 60.
57
Let w = -117 - 127. Let r = w - -307. Suppose -5*j + 60 = z - 0*z, -5*z = 5*j - 40. Calculate the remainder when r is divided by j.
11
Let w be 4/(-24) - (-39)/18. Let j(s) = -w*s - 27 - 4*s + 2*s. Calculate the remainder when 50 is divided by j(-10).
11
Suppose 2*b = 3*o + 2027, b - 141 - 853 = -5*o. What is the remainder when b is divided by 92?
89
Let i = 1571 + -1063. Calculate the remainder when i is divided by 70.
18
Suppose -a = -4 + 1. Let b(m) = 0*m**3 + m**2 - m**3 + a*m - 4 - m + 7. What is the remainder when 20 is divided by b(-2)?
9
Let m = 13934 + -13741. What is the remainder when 419 is divided by m?
33
Let r(j) = j**2 - 11*j - 17. What is the remainder when r(15) is divided by (44/(-264))/((-2)/132)?
10
Let t = 9078 - 8291. Calculate the remainder when t is divided by 199.
190
Suppose 31*u + 7548 = -3*u. Let d = u - -282. Calculate the remainder when d is divided by 98/6 + 2/(-6).
12
Let v(q) = q - 4. What is the remainder when 7 + (-4)/(-2)*(42/12 + -6) is divided by v(6)?
0
Suppose -73*d + 77*d - 169 = 111. What is the remainder when 266 is divided by d?
56
Suppose -4*d + 93 = -4*c + 373, 0 = -2*d + 5*c - 131. Let v = d + 259. Calculate the remainder when v is divided by 19.
15
Suppose -283*c + 6725 = -261*c - 15737. What is the remainder when c is divided by 479?
63
Let l = -232 - -236. Suppose 112 = -l*y + 1248. Calculate the remainder when y is divided by 17.
12
Suppose 0 = a - l - 11 - 26, 3*a + 2*l = 106. Let t = a - -9. What is the remainder when t is divided by 16?
13
Suppose 28*r - 29*r = -4*j - 82, 285 = 3*r + j. Calculate the remainder when r is divided by 24.
22
Suppose -47473 = -255*b + 4309 + 25483. What is the remainder when 424 is divided by b?
121
Let h be ((-11)/(22/(-4)))/(2/5). What is the remainder when 132/h - (-6)/(-15) is divided by 11?
4
Suppose 15*a - 456 = 14*a - 5*x, -8*x = -48. What is the remainder when a is divided by 39?
36
Let c(k) = k**2 - 8*k + 3. Let m be c(8). Let l(y) = m*y**2 + 10 + 4*y - 2*y**2 - 13. Calculate the remainder when l(2) is divided by 1.
0
Suppose p = 2*q - 217, 16 = -5*p - 19. Calculate the remainder when 5564 is divided by q.
104
Suppose 2*o - 31 = o. Suppose r + 27 = 5*s, -4*s - 4 + 28 = -2*r. Suppose f - g - 8 = 0, -7*g = -s*f - 5*g + 43. What is the remainder when o is divided by f?
4
Suppose 4*k + 3*k = -k. Suppose -5*s - 1486 + 2636 = k. What is the remainder when s is divided by 78?
74
Calculate the remainder when 435 is divided by (-1184)/(-11) - 1228/(-3377).
3
Suppose -53*c - 9 = -56*c. Suppose -4*z + 7*z - c = i, 3*z + 2*i - 12 = 0. Calculate the remainder when (124 + (1 - z))*(-3)/(-9) is divided by 4.
1
Suppose -5 = -5*w, 46*k - 45*k = -3*w + 1100. What is the remainder when k is divided by 100?
97
Let y be 21/3 - (2 + 3 + -3). Let h(a) = 198*a - y + 26 - 199*a. Calculate the remainder when 45 is divided by h(4).
11
Let z = 63 + -100. Suppose 0 = -54*r + 62*r - 47*r - 2418. Let w = z - r. What is the remainder when 72 is divided by w?
22
Let h be (58/10 + -5)/((-1)/(-5)). Suppose -4*o + 212 = h*p, 5*p + 5*o = 4*o + 249. What is the remainder when 152 is divided by p?
5
Let p(c) = 4*c**3 + 8*c**2 + 6*c - 57. Let a(i) = -4*i**3 - 8*i**2 - 6*i + 57. Let b(d) = 5*a(d) + 6*p(d). Calculate the remainder when b(5) is divided by 26.
23
Suppose 131*c - 61*c - 51*c - 247 = 0. What is the remainder when 10943 is divided by c?
10
Suppose 5*q + 3*m = 9, 6*q - 2*q - 8 = -2*m. Let t be q/(-9) + (10/(-6) - -1). Calculate the remainder when t + -3 + (-360)/(-12) is divided by 14.
12
Let a be 0 + -3 + 1 - 14. Let u = a - -20. Suppose 5*z - 20 = u*z. Calculate the remainder when 97 is divided by z.
17
Suppose x - 3*x - 5*z = -800, 390 = x + 5*z. What is the remainder when 1241 is divided by x?
11
Suppose -2*t + 9*t = 0. Suppose t = -6*l + 3*l + 18. What is the remainder when l is divided by (-38)/(-19)*(-1)/(2/(-5))?
1
Let k = -7413 - -7522. What is the remainder when 819 is divided by k?
56
Let l = 36 - 31. Suppose -2 = p - l. Suppose -p*k + 861 = 5*v, k + 0*k = -4*v + 686. Calculate the remainder when v is divided by 29.
26
Suppose h + 1603 = -3*i + 7*i, 2*i = -10. Let d be 12/16 - h/12. Let q = d - 91. Calculate the remainder when q is divided by 16.
13
Suppose -2*d + 9 = -98 + 43. Let c = -5 - -68. Calculate the remainder when c is divided by d.
31
Let k(d) = d + 1. Let h(j) = -18*j + 39. Let p(x) = -h(x) - 3*k(x). Let m be p(6). Let g = 158 - m. What is the remainder when g is divided by 37?
36
Suppose 5*z = 4*r + 127, -5*z - 2*r + 40 = -69. Suppose -z*g + 278 = -21*g. Calculate the remainder when g is divided by 71.
68
Let q(c) = 5*c**2 - 3*c + 1. Suppose 0 = 6*b + 42 - 144. Let z = b + 1. What is the remainder when q(4) is divided by z?
15
Suppose 5*t - 189 - 121 = 0. What is the remainder when t is divided by (-20)/2 + ((-1164)/(-1455))/(4/75)?
2
Let z(q) = -67*q + 448. Let u(i) = -23*i + 149. Let x(g) = -17*u(g) + 6*z(g). What is the remainder when x(5) is divided by 51?
49
Calculate the remainder when -7 + 1575/231 + 94030/11 is divided by 95.
93
Calculate the remainder when ((-770)/(-2) + 85/(-5) + 9)*1 is divided by 39.
26
Suppose -2*p - 3 + 7 = -3*s, 10 = -2*p - 4*s. Let x = 14 - p. Calculate the remainder when 19 is divided by x.
4
Let l = 89 + -90. Let d(r) = -13*r**3 - r**2 - r - 1. Calculate the remainder when (-332)/(-10) + (-5)/25 is divided by d(l).
9
Let n(t) = -15*t + 4 + 5*t + 4*t - 26. Let o be n(-5). Suppose -o*y = -9*y + 15. Calculate the remainder when 57 is divided by y.
12
Suppose 86*q - 5*h - 33 = 85*q, 3*h + 41 = q. Calculate the remainder when 2474 is divided by q.
36
Let d(v) = 3*v**3 + 21*v**2 - 174*v + 10. Let f be d(7). Suppose 94*o = 77*o + f. Calculate the remainder when 158 is divided by o.
8
Suppose -352*c + 392 + 328 = -272*c. What is the remainder when 1030 is divided by c?
4
Calculate the remainder when 143 is divided by 168/(-2352) - 1751*(-2)/28.
18
Suppose 133*x = 124*x + 747. Let k(g) = g**3 - 5*g**2 + 3*g + 5. Let f be k(4). Let t(j) = 21*j**2 + j - 1. Calculate the remainder when x is divided by t(f).
20
Let x(n) = -602*n - 399. Calculate the remainder when 407 is divided by x(-1).
1
Let r = -48 - -50. Suppose -r*m - 2*o + 530 = -0*o, -2*m - 5*o + 521 = 0. Calculate the remainder when m is divided by 30.
28
Let y(k) = 39*k**2 - 202*k + 4888. Calculate the remainder when y(24) is divided by 317.
314
What is the remainder when 702 - -4 - 646/(-34) is divided by 10?
5
Suppose 4*t - 3*i = 231, -3*i + 43 = t - 11. Suppose -10*a + 512 = -9*a. Calculate the remainder when a is divided by t.
56
Suppose -44*j = 9863 - 24078 - 8929. What is the remainder when 2653 is divided by j?
23
Let i(n) = n**3 + 115*n**2 - 627*n + 400. Calculate the remainder when i(-120) is divided by 87.
73
Let f = 1814 - 1805. What is the remainder when 40 is divided by f?
4
Suppose -2*a + 157 = 2*x - 191, -x + 4*a = -179. Let c(j) = 4*j**2 - 77*j + 98. Calculate the remainder when x is divided by c(18).
7
What is the remainder when 1031 is divided by 2366/21 - 5/(150/20)?
23
Suppose 4*b - 86 = 4*m + 10, -4*b - 3*m + 89 = 0. Suppose -77 = -3*f - 1830*p + 1835*p, -12 = 2*f + 3*p. Calculate the remainder when b is divided by f.
5
Suppose 2*v + 63*i - 679 = 68*i, 1053 = 3*v + 4*i. What is the remainder when v is divided by 54?
23
Let c(a) = -2*a**2 + 14*a + 3. Let o be -6 - (1 - 4) - -17. Suppose 9*y + 5 = o*y. What is the remainder when c(7) is divided by y?
0
Let r = -78 - -79. Calculate the remainder when 1/(-1 + 192/188) is divided by (-100)/(-12) + r/(-3).
7
Let c be (4/(-3))/((-4)/(-12)). Let x be ((-6)/c)/((-6)/(-184)). Let z = x - 32. What is the remainder when 53 is divided by z?
11
Let r = 486 - 472. Suppose -r*z = -20*z + 198. What is the remainder when z is divided by 23?
10
Let w(a) = 6*a - 29. Let x be w(5). Calculate the remainder when 10 + 0 + (1 - 3) is divided by (2 - (-2 - 0))*x.
0
Let v = -5183 + 5196. Suppose -u = 2*i - 1, 